0
Suppose 2*h = 26 + 36. What is the tens digit of h?
3
Let d(r) = -r**3 - 5*r**2 + r - 2. Let q be d(-6). Suppose 0 = -3*j + 4*j - q. Suppose 2*x - 4 = j. What is the units digit of x?
6
Let p(s) = s**3 - 3*s**2 - s - 6. Let t be p(4). Suppose a = -0*a - 3. Let x = a + t. What is the units digit of x?
3
Let j be 4/10 + (-58)/(-5). Suppose w - j = 3. What is the units digit of w?
5
What is the tens digit of ((-25)/(-5) - 2)*(-92)/(-6)?
4
Let x = -11 + 17. What is the units digit of (0 + 1)/(3/x)?
2
Suppose -13*u - 80 = -14*u. What is the tens digit of u?
8
Suppose 1 = k + 13. What is the tens digit of (-339)/(-11) + k/(-66)?
3
Let l(f) = f**3 + 4*f**2 + 2*f - 2. Let q(v) = -v**3 - 4*v**2 - 3*v - 3. Let s be q(-3). Let x be l(s). What is the units digit of 3*(x - 6/(-9))?
5
Let a = 66 + -21. What is the units digit of a?
5
What is the units digit of -2*3/6 - -32?
1
Let r(h) = h**2 - 1. Let g be r(1). Suppose 4*c - 5*j = 78, 5*c - 4*j - 77 - 25 = g. Suppose 3 = 5*a - c. What is the units digit of a?
5
Suppose j = 17 + 8. What is the tens digit of j?
2
Let y(c) = -c**2 - 10*c - 2. Let f be y(-9). Let o = 9 + f. What is the tens digit of o?
1
Suppose 0*p - 2 = c + 2*p, 3*c + 10 = -2*p. Let w(u) = u**3 + 4*u**2 - 4*u - 1. Let y be w(c). Let f = y - 1. What is the tens digit of f?
1
Let p = 0 + 5. Suppose -p*k = -8*k + 90. What is the tens digit of k?
3
Let i = 424 - 75. What is the tens digit of i?
4
Suppose 44 = 5*f - f. Let l = f - 0. What is the units digit of l?
1
What is the tens digit of (-8 + 8 - 5*-1)*3?
1
Suppose 2*u - 16 = -3*o, 7*o = 4*o + u + 10. Let t = -8 - -4. What is the units digit of ((-7)/t)/(1/o)?
7
Let y(q) = q**2 + 13*q + 31. What is the tens digit of y(-13)?
3
Let s = -43 + 145. Suppose -8*k + s = -5*k. What is the units digit of k?
4
What is the tens digit of (4 + -19)*4/(40/(-54))?
8
Let n = -72 - -142. What is the units digit of n?
0
Let b = -8 + 15. Suppose -2*m - 6 - 4 = 0. Let c = m + b. What is the units digit of c?
2
Let r(l) = -l + 1. Let q be r(-1). Let x(z) = 11*z**q - 2*z + z + 2*z. What is the units digit of x(-1)?
0
Suppose -4*k = -5*z - 36, 2*k = 4*k - 3*z - 18. What is the tens digit of 335/k - (-4)/(-18)?
3
Suppose -8 = 4*c + 4*o, 3*o - 2*o - 1 = 0. Suppose 3*n = 2*n + 12. Let j = c + n. What is the units digit of j?
9
Suppose 0 = 5*k + c + 6, -5 = 4*k + 6*c - 5*c. Let z = k - -5. What is the units digit of z?
4
Let a(w) = 4*w - 9. What is the units digit of a(6)?
5
Suppose 3*a + 5*i + 5 = 96, 3*i - 29 = -a. Suppose 4*z - 4*g = a, 4*z - 16 - 22 = g. What is the tens digit of z?
1
Suppose 9 = 5*m - 31. Let s be (4/3)/(m/12). Let x = s + 7. What is the units digit of x?
9
Suppose 2*a - 2*q - 454 = 0, 6*a - 5*q = 3*a + 673. What is the tens digit of a?
3
Suppose -4*k - 3*k + 1281 = 0. What is the hundreds digit of k?
1
Let w = 4 - 9. Let z(q) = -q**2 - 7*q + 1. What is the tens digit of z(w)?
1
Let v be (-2)/(-12) + (-246)/(-36). Let s = -6 + v. What is the units digit of s?
1
Let t(y) = -y**3 - 12*y**2 + 12*y - 9. Let i be t(-13). Suppose -i*u = -120 + 32. What is the tens digit of u?
2
Let p(m) = -m**3 - 11*m**2 - 9*m + 4. What is the tens digit of p(-11)?
0
Suppose -249 - 87 = -3*g. Let z = -16 + 34. What is the units digit of 12/(-54) + g/z?
6
Suppose 0 = -5*u + u + 52. Suppose 5*r = -w - w + 91, -r - 3*w = -u. What is the tens digit of r?
1
Let s(h) = -h**2 + 10*h - 2. Let l be s(8). Let d = l + 27. What is the units digit of d?
1
Let i = 34 - 7. What is the units digit of i?
7
Let s(n) = 28*n. Let l be s(-1). Let x = l + 47. Suppose u + 3*y = 22, -u + x = 2*y + 1. What is the tens digit of u?
1
Suppose 18 = 5*u - 17. What is the units digit of u?
7
Suppose -5*t + 266 = 76. Let b = 10 + t. What is the units digit of b?
8
Let i(s) = -2*s + 27. Let b be i(-13). Suppose -4*n + 3*n = -5. Suppose -n*z + b = 8. What is the units digit of z?
9
Suppose -2*q + 164 = 2*c, -c - 2*c - 4*q = -241. What is the units digit of c?
7
Suppose 0*g + 5*z = g, 3*z - 92 = -4*g. What is the tens digit of g?
2
Suppose 15 = 8*d - 3*d. Let f(q) = 2*q**3 - 4*q**2 - 2*q + 4. What is the tens digit of f(d)?
1
Let s be (-2 - 0)/((-8)/12). Suppose s*n - 21 = 15. What is the tens digit of n?
1
Suppose 0 = -4*a + 2*v + 234, -2*a - 41 = -2*v - 153. What is the units digit of a?
1
Suppose -940 = -5*q - 4*n, -q = -2*q - 4*n + 204. What is the hundreds digit of q?
1
Let f(m) = 4*m**2 - 2. Let o = 4 + -7. Let b be f(o). Suppose 0 = q + r - 4*r - b, 3*q + r - 52 = 0. What is the units digit of q?
9
Suppose 3*j = 5*g - 76, -g - 2*j + 10 = -0*g. Suppose 5*t + 5 = 0, 3*t - 3 = -v + g. What is the tens digit of v?
2
Suppose 4*o - 53 = -m, -3*o + 39 - 1 = -m. Let w = o - 2. What is the tens digit of w?
1
Let r(y) = 30*y + 12. What is the hundreds digit of r(4)?
1
Suppose 3*b = p - 11, 0 = 2*p + 3*p - 3*b - 91. What is the units digit of 54/45*p/6?
4
Let k(d) = 12*d**2 - 1. Suppose -3*j - j = -4. What is the units digit of k(j)?
1
Let i(o) be the second derivative of -1/20*o**5 - o**2 + 0 + 1/6*o**3 + 2*o + 1/4*o**4. What is the units digit of i(3)?
1
What is the units digit of 36*((-60)/2)/(-5)?
6
Let k = -53 + 358. What is the hundreds digit of k?
3
Suppose 4*o = 41 + 11. What is the tens digit of o?
1
Suppose 22 = z - 1. What is the tens digit of z?
2
Let i(o) = -2 + 3*o + 4*o - 2*o. What is the units digit of i(2)?
8
Let d(m) = -m**2 + 4*m + 9. Let f be d(7). Let v = -20 - f. Let q = v + 14. What is the units digit of q?
6
Suppose 17 = 5*d - 3. What is the units digit of d?
4
Let j = 3 - 3. Suppose -4*n + 26 + 2 = 0. Let r = n + j. What is the units digit of r?
7
Let c(x) = 9*x**2 + 2*x - 1. Let a = 3 - 2. What is the units digit of c(a)?
0
What is the units digit of (-740)/(-25) + 2/5?
0
Let r = -177 + 446. What is the tens digit of r?
6
Let r = -1 + 2. Let f be 6 + 8/(-12)*9/(-6). Suppose 2*k + r = f. What is the units digit of k?
3
Let v(k) = -k**2 + 7*k - 4. Let l be v(6). Suppose 0 = l*c - 5 - 9. What is the units digit of c?
7
Suppose -15 = -5*g, 48 = 3*a + 2*g + g. Suppose 3*d = -4*w + 2*d + 9, 0 = 5*w + 3*d - a. What is the units digit of w?
2
Suppose 0 = g - 0*g. Suppose -3*n = -g*n - 87. What is the units digit of n?
9
Let t = -9 - -4. Let w = -3 - t. What is the units digit of w?
2
Let h be (3/2)/(1/2). Let p(d) = d**2 - 2*d + 2. Let r be p(h). Suppose 3*g + 12 = 0, g = -0*o + r*o - 59. What is the tens digit of o?
1
Let c(v) be the first derivative of -v**4/4 + 2*v**3 + 3*v**2 - 2*v - 8. What is the units digit of c(5)?
3
Let a = 9 - 4. Suppose 55 = a*t - 5*m, -23 = -5*t - 5*m + 52. What is the units digit of t?
3
Let z(g) = -g**3 - g + 12. Suppose b = 2*b. Let l be z(b). Suppose 4*t - l = t. What is the units digit of t?
4
Let s = -3 + 0. What is the units digit of (-1 - -1)/s + 1?
1
Let v(j) be the third derivative of 5*j**4/24 - j**3/6 - 2*j**2. What is the units digit of v(1)?
4
Let k(t) = t**2 - 2*t - 1. Let s(j) = -2*j**2 + 2*j + 1. Let l(i) = 4*k(i) + 3*s(i). Let y be l(-1). Let d(b) = -17*b - 1. What is the tens digit of d(y)?
1
Let y be ((-5)/(-4))/((-1)/(-4)). Suppose 3*w = -3*a - 0*a + 21, -y*w + 29 = 4*a. Suppose -m + a*m - 35 = 0. What is the units digit of m?
7
Let y(u) = u**3 - 2*u**2 - 2*u - 2. Let w be y(3). Let g(s) = -7*s**3 + s**2 - s. Let v be g(w). What is the units digit of -3 - (-2 + 3)*v?
4
Let w(y) = y**3 + y**2 - y. Let m be w(0). Suppose m = 4*f - f - 129. What is the units digit of f?
3
Let d(a) = -2*a - 7. Let p be d(-6). Suppose 15 = 5*w, -w + 13 + 30 = -p*f. Let b(h) = h**3 + 9*h**2 + 9*h + 10. What is the units digit of b(f)?
2
Suppose 2 = 5*l + 27. Let m(f) = -f**2 - 2*f + 5. Let c(x) = x**2 + x - 5. Let w(p) = 5*c(p) + 6*m(p). What is the tens digit of w(l)?
1
Let g(w) = -w**2 - 7*w - 1. Let h be g(-6). Suppose 4*b - 7 = -4*d - b, h*b + 9 = -2*d. Let y = d - 5. What is the units digit of y?
3
Let o(a) = a - 7. Let m be o(7). Suppose m = -4*k + 95 + 125. Suppose -4*g - g = -k. What is the tens digit of g?
1
Let o(p) = -p**3 + 12*p**2 + 15*p + 25. What is the tens digit of o(13)?
5
Suppose -2*n - 2*n = t - 1, -n - 3*t = -14. Let c = 7 + -4. Let v = c + n. What is the units digit of v?
2
Suppose -5*f + 3*c = -38 - 50, -2*c = 2*f - 32. Let q = -6 + f. What is the tens digit of q?
1
Let b(n) = -n**3 + 